8 divide 177479848?
True
Does 13 divide 2666495?
True
Is 523 a factor of 2087058022?
False
Does 599 divide 33147042?
False
Does 4 divide 4901092?
True
Does 18 divide 1956083868?
True
Does 28 divide 370213551?
False
Is 8375185 even?
False
Is 433047937 a multiple of 22?
False
Is 37255194 a multiple of 54?
True
Is 358 a factor of 8510993?
False
Is 22 a factor of 637532372?
False
Is 24 a factor of 22396824?
True
Is 12 a factor of 530690604?
True
Is 1268376538 a multiple of 793?
True
Does 315 divide 3383425?
False
Is 24057852 a multiple of 14?
True
Is 19 a factor of 14461763?
False
Does 139 divide 111020551?
True
Does 12 divide 38809275?
False
Is 112 a factor of 66928843?
False
Is 141324866 a multiple of 33?
False
Is 20 a factor of 210218524?
False
Does 37 divide 155735444?
False
Is 3222368288 a multiple of 79?
True
Does 3702 divide 71806267?
False
Does 20 divide 3734224?
False
Is 16 a factor of 39455504?
True
Is 90129535 a multiple of 403?
False
Is 16 a factor of 248088973?
False
Is 1216253926 a multiple of 14?
False
Is 7068405 a multiple of 1065?
True
Is 287 a factor of 47306497?
True
Is 42774292 a multiple of 236?
True
Is 2917994400 a multiple of 16?
True
Is 3195630 a multiple of 18?
True
Is 61 a factor of 38960761?
True
Is 50 a factor of 42494850?
True
Is 31 a factor of 75181231?
True
Does 4 divide 10049190?
False
Is 11 a factor of 620344747?
True
Does 193 divide 51400352?
False
Does 27 divide 501268036?
False
Is 401 a factor of 12439802?
False
Does 38 divide 43991697?
False
Is 14 a factor of 31091956?
True
Is 22447545 a multiple of 298?
False
Does 1962 divide 40279787?
False
Is 364426440 a multiple of 210?
True
Is 154 a factor of 31724731?
False
Does 810 divide 54907872?
False
Is 87150811 a multiple of 49?
False
Does 1253 divide 988064427?
True
Is 2141271869 a multiple of 3582?
False
Is 15270077 a multiple of 107?
True
Is 444118700 a multiple of 100?
True
Is 66895522 even?
True
Does 14 divide 27088854?
False
Is 124 a factor of 261514382?
False
Is 604747976 a multiple of 6356?
True
Does 53 divide 4465409?
True
Is 348 a factor of 1099316340?
True
Does 1289 divide 204829834?
True
Does 15 divide 285020560?
False
Is 2281140285 a multiple of 95?
True
Is 59071286 a multiple of 47?
False
Is 2131525898 a multiple of 2463?
False
Is 18 a factor of 1747053576?
True
Does 67 divide 1570686?
False
Is 211568193 a multiple of 3042?
False
Is 13259830 a multiple of 249?
False
Is 124419891 a multiple of 840?
False
Is 293992347 a multiple of 20?
False
Does 2 divide 8482557?
False
Is 713 a factor of 74288216?
False
Is 1710 a factor of 2758796101?
False
Is 679 a factor of 63574042?
False
Is 2238950 even?
True
Is 1972395607 a multiple of 9401?
True
Is 6 a factor of 113710300?
False
Is 342 a factor of 99764136?
True
Does 94 divide 143715472?
True
Is 45162958 a multiple of 134?
True
Is 2085 a factor of 669344539?
False
Is 968756761 a multiple of 20?
False
Is 24 a factor of 610752?
True
Is 297 a factor of 430921161?
True
Does 932 divide 266260284?
True
Does 7 divide 55869532?
False
Does 273 divide 1605298149?
True
Does 17 divide 28568986?
False
Is 1056 a factor of 64330464?
True
Does 183 divide 106694654?
False
Is 1040322266 a multiple of 1428?
False
Is 2489 a factor of 305951220?
False
Is 9 a factor of 31559094?
True
Does 18 divide 31090972?
False
Is 35124471 a multiple of 13?
False
Is 3 a factor of 3761488?
False
Is 398 a factor of 124344544?
False
Is 3 a factor of 58564707?
True
Is 210150485 a multiple of 26?
False
Is 1313 a factor of 660012426?
False
Is 441081674 a multiple of 11?
True
Is 15 a factor of 381058814?
False
Is 203 a factor of 11918739?
True
Is 134247582 a multiple of 14?
True
Does 1115 divide 4369378?
False
Is 57255588 a multiple of 39?
True
Does 1367 divide 511967460?
False
Is 27 a factor of 76651444?
False
Is 394 a factor of 14341994?
True
Does 34 divide 78994852?
True
Is 63 a factor of 23887521?
True
Does 1165 divide 1373646840?
True
Does 731 divide 344928198?
True
Does 218 divide 18158536?
False
Is 5 a factor of 81003366?
False
Is 94269509 a multiple of 339?
False
Does 50 divide 71878524?
False
Is 87 a factor of 2263619454?
False
Is 315 a factor of 2409025122?
False
Does 73 divide 652905284?
True
Does 1034 divide 5015257764?
True
Is 47055227 a multiple of 16?
False
Is 69 a factor of 2130676?
False
Is 36803153 a multiple of 80?
False
Is 45287021 a multiple of 2?
False
Is 91460719 a multiple of 161?
True
Is 680 a factor of 89606133?
False
Is 31 a factor of 567863016?
False
Is 19 a factor of 3125174872?
True
Does 23 divide 651745940?
True
Is 80021992 a multiple of 136?
True
Is 906500574 a multiple of 93?
True
Does 457 divide 37981270?
True
Is 1198848708 a multiple of 27?
True
Is 11 a factor of 5728899?
True
Does 11 divide 56199440?
True
Does 958 divide 832347424?
False
Is 55919470 a multiple of 190?
True
Does 13 divide 882637930?
False
Is 795313777 a multiple of 8467?
True
Does 1142 divide 971798604?
True
Is 470114573 a multiple of 60?
False
Is 7314 a factor of 582398681?
False
Does 21 divide 365086?
False
Is 57 a factor of 466160157?
False
Is 3 a factor of 1972356382?
False
Is 1764994194 a multiple of 69?
True
Is 334 a factor of 257959890?
True
Does 328 divide 365974528?
True
Does 1770 divide 2035220340?
True
Does 1044 divide 808366870?
False
Does 1829 divide 26050447?
True
Is 13 a factor of 182710736?
True
Does 96 divide 243922464?
True
Does 2451 divide 18284460?
True
Does 17 divide 654723212?
False
Is 42431283 a multiple of 357?
False
Is 60 a factor of 5654012814?
False
Is 26527468 a multiple of 467?
True
Is 26032670 a multiple of 230?
False
Does 22 divide 1976786?
False
Is 819 a factor of 1004449235?
False
Is 50 a factor of 1007521818?
False
Is 55 a factor of 29212464?
False
Is 1087767181 a multiple of 1713?
False
Does 3858 divide 19634457?
False
Is 168409120 a multiple of 16?
True
Is 66499288 a multiple of 510?
False
Is 702 a factor of 2050532172?
True
Is 14 a factor of 135145099?
False
Does 456 divide 26982940?
False
Does 40 divide 18471960?
True
Is 718 a factor of 920054589?
False
Is 108752888 a multiple of 4?
True
Does 5 divide 45615231?
False
Does 223 divide 287807145?
True
Does 35 divide 2453150?
True
Is 3803 a factor of 5228298589?
False
Does 36 divide 948362?
False
Is 3908 a factor of 443577540?
True
Is 286 a factor of 18291115?
False
Does 20 divide 1633950587?
False
Is 33933180 a multiple of 45?
False
Is 529 a factor of 109891815?
True
Is 103261820 a multiple of 20?
True
Is 156996795 a multiple of 13?
False
Is 640664328 a multiple of 3927?
False
Does 4 divide 19020383?
False
Does 230 divide 240254184?
False
Is 1405903200 a multiple of 8?
True
Is 630 a factor of 8498470?
False
Is 133913852 a multiple of 1609?
True
Is 3590730776 a multiple of 19?
False
Does 3719 divide 48777421?
False
Is 48 a factor of 31294512?
True
Is 2 a factor of 37322292?
True
Is 1540 a factor of 92543789?
False
Is 24 a factor of 46477224?
True
Does 59 divide 17243843?
False
Is 4495359 a multiple of 33?
True
Is 70 a factor of 528354670?
False
Is 168 a factor of 81104184?
True
Does 139 divide 129037228?
False
Does 1022 divide 60897563?
False
Is 2039 a factor of 1942550953?
False
Does 77 divide 43151262?
True
Does 466 divide 28302857?
False
Is 796 a factor of 371631507?
False
Is 2811618225 a multiple of 40?
False
Is 5 a factor of 2206750?
True
Does 340 divide 58677524?
False
Does 13 divide 36991032?
True
Is 256798670 a multiple of 160?
False
Is 104 a factor of 280803952?
True
Does 24 divide 103461004?
False
Is 97 a factor of 363703925?
True
Does 23 divide 26582595?
True
Is 134 a factor of 44430952?
False
Does 15 divide 173052050?
False
Does 15 divide 870349260?
True
Is 1331 a factor of 146521655?
False
Is 67210090 a multiple of 802?
False
Is 336 a factor of 100766915?
False
Does 62 divide 33244772?
True
Is 70176494 a multiple of 74?
True
Is 125 a factor of 23759500?
True
Does 190 divide 514593720?
True
Does 6 divide 4128102?
True
Is 85512418 a multiple of 12?
False
Is 1795346966 a multiple of 13?
False
Does 8309 divide 2248847468?
True
Is 7 a factor of 228192181?
True
Does 5 divide 1648138?
False
Does 226 divide 16094816?
True
Does 74 divide 9871526?
True
Is 1830 a factor of 1024688370?
True
Is 14 a factor of 483187516?
True
Is 12 a factor of 21487926?
False
Does 916